1094229
List the prime factors of 6073462034.
2, 3036731017
What are the prime factors of 118763059?
118763059
List the prime factors of 669748182.
2, 3, 211, 529027
List the prime factors of 3438260334.
2, 3, 191014463
What are the prime factors of 80854979?
467, 173137
List the prime factors of 124853688.
2, 3, 37, 46867
What are the prime factors of 651868752?
2, 3, 89, 331, 461
What are the prime factors of 45891504?
2, 3, 318691
What are the prime factors of 412472372?
2, 13, 7932161
List the prime factors of 46928170.
2, 5, 4692817
What are the prime factors of 88334681?
251, 351931
List the prime factors of 4723699.
4723699
List the prime factors of 2291526.
2, 3, 61, 2087
What are the prime factors of 766162331?
11, 599, 116279
List the prime factors of 180812311.
89, 2031599
List the prime factors of 71721122.
2, 11, 3260051
List the prime factors of 81791719.
37, 43, 101, 509
What are the prime factors of 1496582480?
2, 5, 251, 74531
List the prime factors of 76857616.
2, 11, 41, 10651
What are the prime factors of 333969378?
2, 3, 7321, 7603
What are the prime factors of 51624188?
2, 7, 11, 167611
What are the prime factors of 624860820?
2, 3, 5, 61, 56909
List the prime factors of 328542131.
29, 11329039
What are the prime factors of 11783101?
11, 97381
List the prime factors of 74878720.
2, 5, 7, 61, 137
What are the prime factors of 267563187?
3, 17, 19, 92041
What are the prime factors of 4704109425?
3, 5, 258113
List the prime factors of 52177816.
2, 6522227
What are the prime factors of 122527181?
7, 19, 921257
List the prime factors of 54101954.
2, 797, 33941
List the prime factors of 286090250.
2, 5, 137, 8353
What are the prime factors of 3302218541?
3302218541
List the prime factors of 2592802182.
2, 3, 211, 2048027
List the prime factors of 823232285.
5, 19, 8665603
What are the prime factors of 557603619?
3, 29, 53, 120929
List the prime factors of 1108247412.
2, 3, 29, 3184619
List the prime factors of 8105803080.
2, 3, 5, 229, 397, 743
What are the prime factors of 2627478052?
2, 656869513
List the prime factors of 16525619.
11, 1502329
List the prime factors of 216416233.
11, 2381, 8263
List the prime factors of 562677014.
2, 23, 283, 43223
What are the prime factors of 2159993448?
2, 3, 31, 967739
What are the prime factors of 576339091?
41, 14057051
What are the prime factors of 227392095?
3, 5, 7, 19, 857
List the prime factors of 26870529.
3, 7, 1279549
What are the prime factors of 88923435?
3, 5, 5928229
What are the prime factors of 2940238510?
2, 5, 11, 71, 376471
What are the prime factors of 35228737?
35228737
List the prime factors of 1029151888.
2, 31, 2074903
What are the prime factors of 7366881148?
2, 11, 41, 4083637
List the prime factors of 77527048.
2, 179, 54139
List the prime factors of 2098821515.
5, 7, 59966329
What are the prime factors of 147750039?
3, 149, 239, 461
What are the prime factors of 332938944?
2, 3, 13, 14821
What are the prime factors of 173120094?
2, 3, 7, 67, 20507
List the prime factors of 15800465.
5, 1559, 2027
What are the prime factors of 368934488?
2, 13, 797, 4451
List the prime factors of 60805760.
2, 5, 95009
What are the prime factors of 1593495747?
3, 19672787
List the prime factors of 223684546.
2, 111842273
What are the prime factors of 38893794?
2, 3, 6482299
List the prime factors of 10500069.
3, 3500023
List the prime factors of 25555058.
2, 12777529
List the prime factors of 1260531290.
2, 5, 126053129
List the prime factors of 1294171527.
3, 11, 107, 366517
List the prime factors of 1495523573.
19, 78711767
What are the prime factors of 141320398?
2, 70660199
List the prime factors of 2060115956.
2, 131, 3931519
What are the prime factors of 3642429482?
2, 1571, 1159271
What are the prime factors of 55476334?
2, 27738167
What are the prime factors of 15547488?
2, 3, 11, 14723
What are the prime factors of 143240889?
3, 11, 29, 1237
List the prime factors of 595547300.
2, 5, 199, 29927
What are the prime factors of 5785408538?
2, 7, 13, 4541137
List the prime factors of 964701034.
2, 11, 239, 183473
List the prime factors of 3028800641.
28879, 104879
What are the prime factors of 75509944?
2, 9438743
List the prime factors of 3505075144.
2, 73, 82217
What are the prime factors of 1668036462?
2, 3, 278006077
List the prime factors of 204010333.
293, 696281
What are the prime factors of 3882349510?
2, 5, 13, 73, 409099
List the prime factors of 4489350607.
7, 911, 703991
What are the prime factors of 200617095?
3, 5, 7, 67, 28517
What are the prime factors of 640716139?
7, 4001, 22877
What are the prime factors of 710155965?
3, 5, 43, 269, 4093
What are the prime factors of 785309411?
59, 1217, 10937
What are the prime factors of 246489261?
3, 19, 4324373
What are the prime factors of 29659023?
3, 3295447
List the prime factors of 2393142339.
3, 7, 43, 79, 33547
List the prime factors of 35100161.
37, 67, 14159
List the prime factors of 645774530.
2, 5, 281, 229813
What are the prime factors of 1105412456?
2, 138176557
List the prime factors of 83213497.
83213497
What are the prime factors of 680095832?
2, 13, 23, 59, 61, 79
List the prime factors of 6893191.
31, 222361
What are the prime factors of 4214814725?
5, 11, 109, 140611
List the prime factors of 17494858.
2, 19, 23, 37, 541
List the prime factors of 1309078826.
2, 11, 97, 613439
What are the prime factors of 33366633?
3, 31, 499, 719
List the prime factors of 964567059.
3, 12277, 26189
What are the prime factors of 419219709?
3, 139739903
List the prime factors of 387792622.
2, 7, 19, 1457867
What are the prime factors of 142193961?
3, 7, 13, 101, 191
What are the prime factors of 1900587073?
7, 11, 2087, 11827
What are the prime factors of 1674733915?
5, 89, 157, 23971
List the prime factors of 139706283.
3, 46568761
What are the prime factors of 9095133574?
2, 4547566787
List the prime factors of 811794159.
3, 11, 8199941
List the prime factors of 252007567.
7, 181, 198901
What are the prime factors of 64427565?
3, 5, 953, 4507
What are the prime factors of 912447823?
7, 4003, 32563
What are the prime factors of 31933339?
67, 73, 6529
What are the prime factors of 1733929903?
1733929903
What are the prime factors of 985670896?
2, 7, 439, 20047
What are the prime factors of 30047528?
2, 7, 536563
List the prime factors of 4185127096.
2, 523140887
What are the prime factors of 34595501?
34595501
List the prime factors of 32250014.
2, 37, 107, 4073
List the prime factors of 425922495.
3, 5, 269, 105557
What are the prime factors of 3815735786?
2, 163, 11704711
List the prime factors of 137569382.
2, 31, 2218861
What are the prime factors of 384761433?
3, 7, 409, 44797
What are the prime factors of 218032645?
5, 89, 489961
List the prime factors of 2329194653.
29, 80317057
What are the prime factors of 271891660?
2, 5, 71, 191473
What are the prime factors of 232092904?
2, 19, 199, 7673
What are the prime factors of 556962489?
3, 61884721
What are the prime factors of 19663168?
2, 7, 43891
What are the prime factors of 345626735?
5, 69125347
List the prime factors of 6555194.
2, 3277597
List the prime factors of 526906584.
2, 3, 503, 14549
List the prime factors of 566370243.
3, 43, 53, 521
What are the prime factors of 428162247?
3, 15857861
What are the prime factors of 12606004?
2, 3151501
List the prime factors of 3194395.
5, 31, 37, 557
List the prime factors of 330623440.
2, 5, 7, 590399
List the prime factors of 2326272.
2, 3, 13, 233
List the prime factors of 66785795.
5, 71, 179, 1051
What are the prime factors of 148960931?
7, 19, 160001
List the prime factors of 5986752732.
2, 3, 1613, 103099
List the prime factors of 313249090.
2, 5, 7, 11, 406817
What are the prime factors of 124585394?
2, 19, 937, 3499
What are the prime factors of 1420800038?
2, 7, 101485717
What are the prime factors of 62643997?
13, 17, 37, 47, 163
What are the prime factors of 684511967?
613, 1116659
What are the prime factors of 45739592?
2, 89, 227, 283
What are the prime factors of 78840923?
7, 1697, 6637
List the prime factors of 97242777.
3, 107, 241, 419
What are the prime factors of 144449114?
2, 72224557
List the prime factors of 43127064.
2, 3, 598987
List the prime factors of 1217197739.
17, 83, 862649
What